4
Let n(g) = 2*g - 5. Let r be n(5). Suppose 20 = -r*p - 4*a, 2*p - 7*p - 3*a = 15. Suppose p = 4*i - 12. What is the units digit of i?
3
Let f(b) be the first derivative of b**3/3 - 3*b**2 + b - 2. Let t be f(5). What is the units digit of (-172)/(-22) + t/(-22)?
8
Suppose 9*o - 42 = 7*o. What is the units digit of o?
1
Let d(f) = -2*f - 2. Let z be d(2). What is the tens digit of 78/(-9)*z/4?
1
Let v be 1/((4/(-228))/1). Let q = 89 + v. What is the units digit of q?
2
Suppose 0 = -5*u + 460 + 410. What is the units digit of u?
4
Suppose 0 = 4*j + 4*d, -6*j + 2*j = -5*d - 36. Suppose -j*z + 4 = -12. Suppose z*x - 2 = -2*v + 8*x, 3*v - 4*x - 11 = 0. What is the units digit of v?
9
Let o(r) = -r**3 + 7*r**2 - 4*r - 8. Let h be o(6). Suppose -40 = -0*a - h*a. What is the tens digit of a?
1
Suppose 2*b + q - 25 - 72 = 0, -3*b = -4*q - 173. Suppose 0 = 4*h + 3 - b. What is the units digit of h?
2
Let x(z) = -z + 2. Let b be x(-11). Let u = -6 + b. What is the units digit of u?
7
Let i(a) = 3*a**2 + 27*a - 18. What is the tens digit of i(-13)?
3
Let v = -36 - -91. What is the units digit of v?
5
Let d = 41 + 348. What is the tens digit of d?
8
Suppose -4*w = 3*j - 73, -8 - 28 = -2*w - 2*j. What is the units digit of w?
9
Suppose -3*c = -5*b + 20, 16 = -4*b - 0*b - 4*c. What is the units digit of b?
1
Suppose 4*p + 2*o - 97 = p, -3*o + 99 = 3*p. What is the tens digit of p?
3
Let r be (0/(1 + -4))/2. Suppose 0*d + d - 6 = r. What is the units digit of d?
6
Let v(z) = -z**2 + 1. Let y(g) = 3*g**2 + g - 5. Let r(w) = 2*v(w) + y(w). Let i be r(3). Suppose 9 + i = 2*f. What is the units digit of f?
9
Suppose -3*z = -5 - 1. Let v = 5 - z. What is the units digit of v?
3
Suppose -13 = -4*q + 7. Let o = q - -16. What is the units digit of o?
1
Suppose 4*z - 393 = 5*t + 147, -4*z - 5*t + 500 = 0. What is the tens digit of z?
3
Suppose -l = 2 - 0. Let f be (-2 + 0)/(2/(-11)). Let j = f + l. What is the units digit of j?
9
Suppose a = -2, 0*i + 3*i - 25 = 2*a. Suppose -4*o = f - 12, -4*f - 3 = -o - i*f. What is the units digit of o?
3
Let s = -8 + 5. Let b = s + 16. What is the units digit of b?
3
What is the units digit of 1*(20/4 - 2)?
3
Let w(n) = -6*n - 2*n + 4*n + 1. What is the units digit of w(-3)?
3
What is the hundreds digit of -226*(1 - (-4)/(-2))?
2
Suppose -x + 34 = -51. What is the units digit of x?
5
Suppose 0 = -4*a - 4*r + 8, -1 = 5*r + 14. Let q(n) = -n**3 - 4*n**2 - 2*n. Let t be q(-4). Let y = t - a. What is the units digit of y?
3
Let k be ((-131)/(-3))/(6/18). Let s = k + -86. What is the tens digit of s?
4
Let l = 29 + -18. Suppose 0*x - l = x. Let v = 24 + x. What is the units digit of v?
3
Let w(t) = 2*t**2 + 6*t + 1. Let z be (-2)/8 - 19/4. What is the tens digit of w(z)?
2
Let h = -106 + 201. What is the tens digit of h?
9
Suppose -3*w + 6 = -s, -7 = -3*w + 5. Suppose s*n - n - 95 = 0. What is the units digit of n?
9
Let u(g) = 22*g**2 - g + 1. What is the units digit of u(1)?
2
Suppose 0*t = -2*t + 4. What is the units digit of t?
2
Let i be (8/4 - 7)*9. Let m = -24 - i. What is the tens digit of m?
2
Let l be -2 - -3 - 2*5. Let n = l - -13. Suppose -n*m + 4 = -4. What is the units digit of m?
2
Let d = -4 - -6. Suppose -2*w = 5*j - 4, 2*j + d*w = -j. What is the units digit of j?
2
Suppose -4*x + 4*p - 11 + 83 = 0, -2*x + 37 = -3*p. Let q = x - 8. What is the units digit of q?
9
Let y(r) = -3*r**2 + 2*r**2 + 4 - 4 + 6*r. What is the units digit of y(3)?
9
Suppose 3*i - 4 + 13 = 0. Let r be -4*1*(0 - i). Let q = 6 - r. What is the tens digit of q?
1
Let k = -10 - -2. Let r be 1/(1 + k/10). Suppose -r*a + a = -28. What is the units digit of a?
7
Let n(h) = 35*h + 29. What is the tens digit of n(4)?
6
Let w be 348/8 + 3/2. Let p = -24 + w. What is the tens digit of p?
2
Suppose -5*v + 2*v - 50 = 5*x, -5*x + 4*v - 15 = 0. What is the units digit of (-1)/2*(-3 + x)?
5
Suppose -4*w + 3*w = -2. What is the units digit of w?
2
Suppose 64 = 5*u - 3*u. What is the tens digit of u?
3
Let u be 1 - (-2 - -10)*2. Let i = -9 - u. Let v(h) = h**2 - 5*h + 4. What is the units digit of v(i)?
0
Let q = -6 + 6. Suppose -4*o = 4*y + 3 - 19, q = -3*o - 5*y + 14. What is the units digit of o?
3
Let s be ((15/(-10))/3)/(1/26). Let x be (1 - 9)/(2/8). Let i = s - x. What is the tens digit of i?
1
Let m(x) = 6*x**2 - 7*x - 6. What is the hundreds digit of m(7)?
2
Let u(g) = -g + 10. Let v be u(0). Suppose -17 = -3*z + 3*m + 4, v = 2*m. What is the tens digit of z?
1
Suppose 3*o - 40 = 2*o. What is the tens digit of (-6)/4*o/(-6)?
1
Let h(r) = 2*r. Let a be h(1). Suppose b + a = 11. What is the units digit of b?
9
Let t = 7 + -5. What is the units digit of t/(0 - 2/(-9))?
9
What is the tens digit of ((-169)/39)/((-2)/6)?
1
Let k be 6/(-5)*10/3. Let m be k/18 + 12/54. Suppose -3*g + c = -m*c - 50, 0 = -2*g - 5*c + 39. What is the units digit of g?
7
Let g(z) = 3*z - 5. Let d be g(-5). Let i be (-45)/(-1)*d/(-15). Suppose i = 8*b - 3*b. What is the tens digit of b?
1
Let i = -8 + 25. Suppose h - 51 = -5*k, -4*k - 15 + 51 = -4*h. Let d = i - k. What is the units digit of d?
7
Suppose -g - g = -6. Let u = g + -3. Suppose -3*f = -u*f - 9. What is the units digit of f?
3
Let s = -8 - -2. Let f be (4/3)/(s/(-45)). What is the units digit of (-31)/(-5) - 2/f?
6
Let o = 64 - 24. What is the units digit of o?
0
Let v(n) = -n + 11. Let u be v(6). Suppose -4*a - x + 126 = 33, -u*x - 63 = -4*a. What is the units digit of a?
2
Let s(c) = 4*c**2 + c**2 - 7*c + 1 - 4*c**2 + 0*c**2. Let x be s(5). Let h(m) = -2*m - 7. What is the units digit of h(x)?
1
Suppose 2*m + m = 75. What is the units digit of m?
5
Suppose y - 50 = 3*s - 148, -2*s + y = -66. What is the tens digit of s?
3
Suppose 5*g + 2*z + 0 = -1, -g + 5*z + 16 = 0. What is the units digit of (-40)/(-4) + (3 - g)?
2
Suppose s + 0*h - 4*h + 4 = 0, 0 = 5*s + 5*h - 5. Suppose -22 = -d - s. What is the units digit of d?
2
Suppose -5*o + 10 = 0, a - 221 = 5*o + 163. What is the tens digit of a?
9
Suppose -x + 18 = x. Let z = x - 0. What is the units digit of z?
9
Let v be (-5)/((1 + -2)/1). Suppose -3*q = h + 11, 0*h + v*q + 5 = 5*h. What is the units digit of h*(0 - (-27)/(-6))?
9
Let c(y) = -4*y + 7. Let r(l) = -16*l + 11. Let f(j) = 3*j - 2. Let u(v) = 11*f(v) + 2*r(v). Let s(m) = c(m) + 3*u(m). What is the units digit of s(5)?
2
Suppose -y - 4*n + 20 = y, -2*y + 19 = 5*n. What is the tens digit of y?
1
Suppose 12*y - 508 = 8*y. What is the units digit of y?
7
Let a(d) = 4*d**2 - d - 1. Let x = 1 - 2. What is the units digit of a(x)?
4
Let b(r) = -4*r**3 + 2 - 6*r**2 + r + 5*r**2 + 3*r**3. What is the units digit of b(-3)?
7
Let h(j) = -j**3 + 5*j**2 - j + 7. Let t be h(5). What is the tens digit of t/6 - 420/(-36)?
1
Suppose 0 = 3*o - n - 100, -5*o - 2*n + 110 + 64 = 0. Suppose 4*p + o + 46 = 0. Let x = p + 34. What is the tens digit of x?
1
Let d = 4 - -10. Suppose 0 = r - 4, -5*s - 3*r = -131 + d. What is the tens digit of s?
2
Let i(f) = f + 8. Let o be i(-5). Let j(z) = -z**2 + 5. Let v be j(0). Let q = v - o. What is the units digit of q?
2
Let u(n) = n**2 - 13*n + 15. Let q be u(11). Let d = 10 + q. Suppose -d*o = o - 24. What is the units digit of o?
6
Suppose 0 = -0*l + l + 3*i - 85, -2*l + 170 = 2*i. What is the units digit of l?
5
Suppose -2*i + 6*n = n - 432, 3*n = -i + 194. What is the units digit of i?
6
Suppose -4*x + 22 + 2 = 0. Let m(w) = 2*w + 22. Let u be m(-7). Let d = u - x. What is the units digit of d?
2
Suppose -2*m = -m + r - 255, 0 = -2*m + 2*r + 530. What is the hundreds digit of m?
2
Let c = 2 - 14. Let q = c - -48. What is the units digit of q?
6
Let m = 141 + -71. What is the tens digit of m?
7
Suppose -3*b + 481 = 4*t - 0*t, -5*b + 369 = 3*t. What is the units digit of t?
8
Suppose -4 = f - 6. What is the units digit of f*((-14)/(-4))/1?
7
Suppose 2*s + s + 138 = 4*m, -10 = 5*s. What is the tens digit of m?
3
Suppose 2*k - 7*k = 0. Suppose k = 7*y - 2*y - 65. What is the units digit of y?
3
Let p be (0 - 2)/(1/(-4)). Suppose 3*y + 2 - p = 0. Suppose -z = -5*s + z + 45, 0 = -s + y*z + 9. What is the units digit of s?
9
Suppose 2*l - 62 = -c, -7*l + 4*l - 4*c + 83 = 0. What is the tens digit of l?
3
Suppose -5*m - 17 = -147. Suppose -17 = 5*r + 38. Let o = m + r. What is the units dig